{"id":2,"date":"2021-08-27T18:33:34","date_gmt":"2021-08-27T16:33:34","guid":{"rendered":"http:\/\/alexandrebernhardt.fr\/?page_id=2"},"modified":"2026-01-21T12:11:36","modified_gmt":"2026-01-21T11:11:36","slug":"page-d-exemple","status":"publish","type":"page","link":"https:\/\/alexandrebernhardt.fr\/","title":{"rendered":"Cr\u00e9ations"},"content":{"rendered":"<div class=\"rt-container-fluid tlp-portfolio tlp-portfolio-container is-carousel\" id=\"tlp-portfolio-container-232\" data-layout=\"carousel1\"><div class=\"rt-row carousel1 pfp-pre-loader\" data-title='Loading ...'><div class='pfp-carousel owl-carousel owl-theme '\r\n\t\t\t\t\t\t\t\t\t\t\t\tdata-loop='true'\r\n\t\t\t\t\t\t\t\t\t\t\t\tdata-items='3'\r\n\t\t\t\t\t\t\t\t\t\t\t\tdata-autoplay='true'\r\n\t\t\t\t\t\t\t\t\t\t\t\tdata-autoplay-timeout='5000'\r\n\t\t\t\t\t\t\t\t\t\t\t\tdata-autoplay-hover-pause='false'\r\n\t\t\t\t\t\t\t\t\t\t\t\tdata-dots='true'\r\n\t\t\t\t\t\t\t\t\t\t\t\tdata-nav='true'\r\n\t\t\t\t\t\t\t\t\t\t\t\tdata-lazyload='false'\r\n\t\t\t\t\t\t\t\t\t\t\t\tdata-autoheight='false'\r\n\t\t\t\t\t\t\t\t\t\t\t\tdata-rtl='false'\r\n\t\t\t\t\t\t\t\t\t\t\t\tdata-smart-speed='2000'\r\n\t\t\t\t\t\t\t\t\t\t\t\tdata-tabcolumn='2'\r\n\t\t\t\t\t\t\t\t\t\t\t\tdata-mobilecolumn='1'\r\n\t\t\t\t\t\t\t\t\t\t\t><div class=\"tlp-col-md-12 tlp-col-sm-12 tlp-col-xs-12 tlp-single-item tlp-carousel-item tlp-equal-height\">\r\n\t<div class=\"tlp-portfolio-item\">\r\n\t\t\t\t<div class=\"tlp-portfolio-thum tlp-item\">\r\n\t\t\t<img fetchpriority=\"high\" decoding=\"async\" width=\"861\" height=\"861\" src=\"https:\/\/alexandrebernhardt.fr\/wp-content\/uploads\/2025\/09\/Saut-LucieR-carre.jpg\" class=\"img-responsive\" alt=\"\" \/>\r\n\t\t\t<div class=\"tlp-overlay\">\r\n\t\t\t\t<p class=\"link-icon\">\r\n\t\t\t\t\t<a class=\"tlp-zoom\" href=\"https:\/\/alexandrebernhardt.fr\/wp-content\/uploads\/2025\/09\/Saut-LucieR-carre.jpg\" aria-label=\"Jonathan Livingston le go\u00e9land\"><i class=\"demo-icon icon-zoom-in\"><\/i><\/a>\r\n\t\t\t\t\t<a href=\"https:\/\/alexandrebernhardt.fr\/index.php\/portfolio\/jonathan-livingston-le-goeland\/\" aria-label=\"Jonathan Livingston le go\u00e9land\"><i class=\"demo-icon icon-link-ext\"><\/i><\/a>\r\n\t\t\t\t<\/p>\r\n\t\t\t<\/div>\r\n\t\t<\/div><div class=\"tlp-content\"> <div class=\"tlp-content-holder\"> <h3><a href=\"https:\/\/alexandrebernhardt.fr\/index.php\/portfolio\/jonathan-livingston-le-goeland\/\" aria-label=\"Jonathan Livingston le go\u00e9land\">Jonathan Livingston le go\u00e9land<\/a><\/h3><div class=\"tlp-portfolio-sd\"><div class=\"extra-features\"> <div class=\"tlp-portfolio-sd\">Mise en sc\u00e8ne et jeu 2026<\/br>\r\nd'apr\u00e8s l\u2019\u0153uvre de Richard Bach <\/br>\r\nCollectif ondes urbaines \/ Bajo El Mar<\/div> <\/div><\/div> <\/div> <\/div>\t<\/div>\r\n<\/div>\r\n<div class=\"tlp-col-md-12 tlp-col-sm-12 tlp-col-xs-12 tlp-single-item tlp-carousel-item tlp-equal-height\">\r\n\t<div class=\"tlp-portfolio-item\">\r\n\t\t\t\t<div class=\"tlp-portfolio-thum tlp-item\">\r\n\t\t\t<img decoding=\"async\" width=\"1024\" height=\"1024\" src=\"https:\/\/alexandrebernhardt.fr\/wp-content\/uploads\/2025\/04\/DSC_6808-1-scaled-e1757419580859-1024x1024.jpeg\" class=\"img-responsive\" alt=\"\" \/>\r\n\t\t\t<div class=\"tlp-overlay\">\r\n\t\t\t\t<p class=\"link-icon\">\r\n\t\t\t\t\t<a class=\"tlp-zoom\" href=\"https:\/\/alexandrebernhardt.fr\/wp-content\/uploads\/2025\/04\/DSC_6808-1-scaled-e1757419580859.jpeg\" aria-label=\"Le monde d&#8217;hier\"><i class=\"demo-icon icon-zoom-in\"><\/i><\/a>\r\n\t\t\t\t\t<a href=\"https:\/\/alexandrebernhardt.fr\/index.php\/portfolio\/le-monde-dhier\/\" aria-label=\"Le monde d&#8217;hier\"><i class=\"demo-icon icon-link-ext\"><\/i><\/a>\r\n\t\t\t\t<\/p>\r\n\t\t\t<\/div>\r\n\t\t<\/div><div class=\"tlp-content\"> <div class=\"tlp-content-holder\"> <h3><a href=\"https:\/\/alexandrebernhardt.fr\/index.php\/portfolio\/le-monde-dhier\/\" aria-label=\"Le monde d&#8217;hier\">Le monde d&#8217;hier<\/a><\/h3><div class=\"tlp-portfolio-sd\"><div class=\"extra-features\"> <div class=\"tlp-portfolio-sd\">Mise en sc\u00e8ne 2025<\/br>\r\nd'apr\u00e8s Le monde d'hier de Stefan Zweig<\/br>\r\nCompagnie Babel, Toulouse\r\n<\/div> <\/div><\/div> <\/div> <\/div>\t<\/div>\r\n<\/div>\r\n<div class=\"tlp-col-md-12 tlp-col-sm-12 tlp-col-xs-12 tlp-single-item tlp-carousel-item tlp-equal-height\">\r\n\t<div class=\"tlp-portfolio-item\">\r\n\t\t\t\t<div class=\"tlp-portfolio-thum tlp-item\">\r\n\t\t\t<img decoding=\"async\" width=\"570\" height=\"570\" src=\"https:\/\/alexandrebernhardt.fr\/wp-content\/uploads\/2025\/04\/213A3107-912x570-1-e1757419374634.jpg\" class=\"img-responsive\" alt=\"\" \/>\r\n\t\t\t<div class=\"tlp-overlay\">\r\n\t\t\t\t<p class=\"link-icon\">\r\n\t\t\t\t\t<a class=\"tlp-zoom\" href=\"https:\/\/alexandrebernhardt.fr\/wp-content\/uploads\/2025\/04\/213A3107-912x570-1-e1757419374634.jpg\" aria-label=\"Je pr\u00e9f\u00e8re regarder par la fen\u00eatre\"><i class=\"demo-icon icon-zoom-in\"><\/i><\/a>\r\n\t\t\t\t\t<a href=\"https:\/\/alexandrebernhardt.fr\/index.php\/portfolio\/je-prefere-regarder-par-la-fenetre\/\" aria-label=\"Je pr\u00e9f\u00e8re regarder par la fen\u00eatre\"><i class=\"demo-icon icon-link-ext\"><\/i><\/a>\r\n\t\t\t\t<\/p>\r\n\t\t\t<\/div>\r\n\t\t<\/div><div class=\"tlp-content\"> <div class=\"tlp-content-holder\"> <h3><a href=\"https:\/\/alexandrebernhardt.fr\/index.php\/portfolio\/je-prefere-regarder-par-la-fenetre\/\" aria-label=\"Je pr\u00e9f\u00e8re regarder par la fen\u00eatre\">Je pr\u00e9f\u00e8re regarder par la fen\u00eatre<\/a><\/h3><div class=\"tlp-portfolio-sd\"><div class=\"extra-features\"> <div class=\"tlp-portfolio-sd\">Dramaturgie 2025<\/br>\r\nde la cr\u00e9ation de Lucie Lataste<\/br>\r\nCie DDS - Lucie Lataste<\/div> <\/div><\/div> <\/div> <\/div>\t<\/div>\r\n<\/div>\r\n<div class=\"tlp-col-md-12 tlp-col-sm-12 tlp-col-xs-12 tlp-single-item tlp-carousel-item tlp-equal-height\">\r\n\t<div class=\"tlp-portfolio-item\">\r\n\t\t\t\t<div class=\"tlp-portfolio-thum tlp-item\">\r\n\t\t\t<img loading=\"lazy\" decoding=\"async\" width=\"1024\" height=\"1024\" src=\"https:\/\/alexandrebernhardt.fr\/wp-content\/uploads\/2021\/08\/Pupitre-carre-1024x1024.jpg\" class=\"img-responsive\" alt=\"\" \/>\r\n\t\t\t<div class=\"tlp-overlay\">\r\n\t\t\t\t<p class=\"link-icon\">\r\n\t\t\t\t\t<a class=\"tlp-zoom\" href=\"https:\/\/alexandrebernhardt.fr\/wp-content\/uploads\/2021\/08\/Pupitre-carre.jpg\" aria-label=\"Conscience contre Violence\"><i class=\"demo-icon icon-zoom-in\"><\/i><\/a>\r\n\t\t\t\t\t<a href=\"https:\/\/alexandrebernhardt.fr\/index.php\/portfolio\/conscience-contre-violence\/\" aria-label=\"Conscience contre Violence\"><i class=\"demo-icon icon-link-ext\"><\/i><\/a>\r\n\t\t\t\t<\/p>\r\n\t\t\t<\/div>\r\n\t\t<\/div><div class=\"tlp-content\"> <div class=\"tlp-content-holder\"> <h3><a href=\"https:\/\/alexandrebernhardt.fr\/index.php\/portfolio\/conscience-contre-violence\/\" aria-label=\"Conscience contre Violence\">Conscience contre Violence<\/a><\/h3><div class=\"tlp-portfolio-sd\"><div class=\"extra-features\"> <div class=\"tlp-portfolio-sd\">Mise en sc\u00e8ne et jeu 2024<br>\r\nd'apr\u00e8s l'essai de Stefan Zweig<br>\r\nCie Th\u00e9\u00e2tre des Trois Oliviers, Toulouse\r\n\r\n\r\n<\/div> <\/div><\/div> <\/div> <\/div>\t<\/div>\r\n<\/div>\r\n<div class=\"tlp-col-md-12 tlp-col-sm-12 tlp-col-xs-12 tlp-single-item tlp-carousel-item tlp-equal-height\">\r\n\t<div class=\"tlp-portfolio-item\">\r\n\t\t\t\t<div class=\"tlp-portfolio-thum tlp-item\">\r\n\t\t\t<img loading=\"lazy\" decoding=\"async\" width=\"1024\" height=\"1021\" src=\"https:\/\/alexandrebernhardt.fr\/wp-content\/uploads\/2024\/04\/213A9083-scaled-e1715335669796-1024x1021.jpg\" class=\"img-responsive\" alt=\"\" \/>\r\n\t\t\t<div class=\"tlp-overlay\">\r\n\t\t\t\t<p class=\"link-icon\">\r\n\t\t\t\t\t<a class=\"tlp-zoom\" href=\"https:\/\/alexandrebernhardt.fr\/wp-content\/uploads\/2024\/04\/213A9083-scaled-e1715335669796.jpg\" aria-label=\"Les Confin\u00e9s\"><i class=\"demo-icon icon-zoom-in\"><\/i><\/a>\r\n\t\t\t\t\t<a href=\"https:\/\/alexandrebernhardt.fr\/index.php\/portfolio\/les-confines\/\" aria-label=\"Les Confin\u00e9s\"><i class=\"demo-icon icon-link-ext\"><\/i><\/a>\r\n\t\t\t\t<\/p>\r\n\t\t\t<\/div>\r\n\t\t<\/div><div class=\"tlp-content\"> <div class=\"tlp-content-holder\"> <h3><a href=\"https:\/\/alexandrebernhardt.fr\/index.php\/portfolio\/les-confines\/\" aria-label=\"Les Confin\u00e9s\">Les Confin\u00e9s<\/a><\/h3><div class=\"tlp-portfolio-sd\"><div class=\"extra-features\"> <div class=\"tlp-portfolio-sd\">Dramaturgie, mise en sc\u00e8ne, et voix 2024<br>\r\navec Olivier Calcada et Anthony Guyon<br>\r\nCompagnie On\/Off, Lyon<\/div> <\/div><\/div> <\/div> <\/div>\t<\/div>\r\n<\/div>\r\n<div class=\"tlp-col-md-12 tlp-col-sm-12 tlp-col-xs-12 tlp-single-item tlp-carousel-item tlp-equal-height\">\r\n\t<div class=\"tlp-portfolio-item\">\r\n\t\t\t\t<div class=\"tlp-portfolio-thum tlp-item\">\r\n\t\t\t<img loading=\"lazy\" decoding=\"async\" width=\"1024\" height=\"1024\" src=\"https:\/\/alexandrebernhardt.fr\/wp-content\/uploads\/2024\/04\/carrePortfolio-1024x1024.jpg\" class=\"img-responsive\" alt=\"\" \/>\r\n\t\t\t<div class=\"tlp-overlay\">\r\n\t\t\t\t<p class=\"link-icon\">\r\n\t\t\t\t\t<a class=\"tlp-zoom\" href=\"https:\/\/alexandrebernhardt.fr\/wp-content\/uploads\/2024\/04\/carrePortfolio.jpg\" aria-label=\"M\u00e9tro\"><i class=\"demo-icon icon-zoom-in\"><\/i><\/a>\r\n\t\t\t\t\t<a href=\"https:\/\/alexandrebernhardt.fr\/index.php\/portfolio\/metro\/\" aria-label=\"M\u00e9tro\"><i class=\"demo-icon icon-link-ext\"><\/i><\/a>\r\n\t\t\t\t<\/p>\r\n\t\t\t<\/div>\r\n\t\t<\/div><div class=\"tlp-content\"> <div class=\"tlp-content-holder\"> <h3><a href=\"https:\/\/alexandrebernhardt.fr\/index.php\/portfolio\/metro\/\" aria-label=\"M\u00e9tro\">M\u00e9tro<\/a><\/h3><div class=\"tlp-portfolio-sd\"><div class=\"extra-features\"> <div class=\"tlp-portfolio-sd\">Mise en sc\u00e8ne 2024<br>\r\nd'apr\u00e8s Underground de Murakami<br>\r\nCompagnie Babel, Toulouse<\/div> <\/div><\/div> <\/div> <\/div>\t<\/div>\r\n<\/div>\r\n<div class=\"tlp-col-md-12 tlp-col-sm-12 tlp-col-xs-12 tlp-single-item tlp-carousel-item tlp-equal-height\">\r\n\t<div class=\"tlp-portfolio-item\">\r\n\t\t\t\t<div class=\"tlp-portfolio-thum tlp-item\">\r\n\t\t\t<img loading=\"lazy\" decoding=\"async\" width=\"1024\" height=\"1024\" src=\"https:\/\/alexandrebernhardt.fr\/wp-content\/uploads\/2025\/09\/486402981_10232068814680585_4652026764933722938_n-e1757583821547-1024x1024.jpg\" class=\"img-responsive\" alt=\"\" \/>\r\n\t\t\t<div class=\"tlp-overlay\">\r\n\t\t\t\t<p class=\"link-icon\">\r\n\t\t\t\t\t<a class=\"tlp-zoom\" href=\"https:\/\/alexandrebernhardt.fr\/wp-content\/uploads\/2025\/09\/486402981_10232068814680585_4652026764933722938_n-e1757583821547.jpg\" aria-label=\"\u00c0 la ligne\"><i class=\"demo-icon icon-zoom-in\"><\/i><\/a>\r\n\t\t\t\t\t<a href=\"https:\/\/alexandrebernhardt.fr\/index.php\/portfolio\/a-la-ligne\/\" aria-label=\"\u00c0 la ligne\"><i class=\"demo-icon icon-link-ext\"><\/i><\/a>\r\n\t\t\t\t<\/p>\r\n\t\t\t<\/div>\r\n\t\t<\/div><div class=\"tlp-content\"> <div class=\"tlp-content-holder\"> <h3><a href=\"https:\/\/alexandrebernhardt.fr\/index.php\/portfolio\/a-la-ligne\/\" aria-label=\"\u00c0 la ligne\">\u00c0 la ligne<\/a><\/h3><div class=\"tlp-portfolio-sd\"><div class=\"extra-features\"> <div class=\"tlp-portfolio-sd\">Mise en sc\u00e8ne 2022<\/br>\r\nd'apr\u00e8s \u00c0 la ligne de Joseph Ponthus<\/br>\r\nCompagnie Babel, Toulouse<\/div> <\/div><\/div> <\/div> <\/div>\t<\/div>\r\n<\/div>\r\n<div class=\"tlp-col-md-12 tlp-col-sm-12 tlp-col-xs-12 tlp-single-item tlp-carousel-item tlp-equal-height\">\r\n\t<div class=\"tlp-portfolio-item\">\r\n\t\t\t\t<div class=\"tlp-portfolio-thum tlp-item\">\r\n\t\t\t<img loading=\"lazy\" decoding=\"async\" width=\"1024\" height=\"1024\" src=\"https:\/\/alexandrebernhardt.fr\/wp-content\/uploads\/2024\/05\/213A0867-scaled-e1715335889790-1024x1024.jpg\" class=\"img-responsive\" alt=\"\" \/>\r\n\t\t\t<div class=\"tlp-overlay\">\r\n\t\t\t\t<p class=\"link-icon\">\r\n\t\t\t\t\t<a class=\"tlp-zoom\" href=\"https:\/\/alexandrebernhardt.fr\/wp-content\/uploads\/2024\/05\/213A0867-scaled-e1715335889790.jpg\" aria-label=\"\u00c7a recommencera\"><i class=\"demo-icon icon-zoom-in\"><\/i><\/a>\r\n\t\t\t\t\t<a href=\"https:\/\/alexandrebernhardt.fr\/index.php\/portfolio\/ca-recommencera\/\" aria-label=\"\u00c7a recommencera\"><i class=\"demo-icon icon-link-ext\"><\/i><\/a>\r\n\t\t\t\t<\/p>\r\n\t\t\t<\/div>\r\n\t\t<\/div><div class=\"tlp-content\"> <div class=\"tlp-content-holder\"> <h3><a href=\"https:\/\/alexandrebernhardt.fr\/index.php\/portfolio\/ca-recommencera\/\" aria-label=\"\u00c7a recommencera\">\u00c7a recommencera<\/a><\/h3><div class=\"tlp-portfolio-sd\"><div class=\"extra-features\"> <div class=\"tlp-portfolio-sd\">Dramaturgie 2021<br>\r\nL. Lataste et O. Calcada dirig\u00e9s par M. Dompnier<br>\r\nCompagnie DDS, Toulouse<\/div> <\/div><\/div> <\/div> <\/div>\t<\/div>\r\n<\/div>\r\n<div class=\"tlp-col-md-12 tlp-col-sm-12 tlp-col-xs-12 tlp-single-item tlp-carousel-item tlp-equal-height\">\r\n\t<div class=\"tlp-portfolio-item\">\r\n\t\t\t\t<div class=\"tlp-portfolio-thum tlp-item\">\r\n\t\t\t<img loading=\"lazy\" decoding=\"async\" width=\"1024\" height=\"1024\" src=\"https:\/\/alexandrebernhardt.fr\/wp-content\/uploads\/2021\/08\/DSC_0044-scaled-e1715338739990-1024x1024.jpg\" class=\"img-responsive\" alt=\"\" \/>\r\n\t\t\t<div class=\"tlp-overlay\">\r\n\t\t\t\t<p class=\"link-icon\">\r\n\t\t\t\t\t<a class=\"tlp-zoom\" href=\"https:\/\/alexandrebernhardt.fr\/wp-content\/uploads\/2021\/08\/DSC_0044-scaled-e1715338739990.jpg\" aria-label=\"Le chat noir\"><i class=\"demo-icon icon-zoom-in\"><\/i><\/a>\r\n\t\t\t\t\t<a href=\"https:\/\/alexandrebernhardt.fr\/index.php\/portfolio\/le-chat-noir\/\" aria-label=\"Le chat noir\"><i class=\"demo-icon icon-link-ext\"><\/i><\/a>\r\n\t\t\t\t<\/p>\r\n\t\t\t<\/div>\r\n\t\t<\/div><div class=\"tlp-content\"> <div class=\"tlp-content-holder\"> <h3><a href=\"https:\/\/alexandrebernhardt.fr\/index.php\/portfolio\/le-chat-noir\/\" aria-label=\"Le chat noir\">Le chat noir<\/a><\/h3><div class=\"tlp-portfolio-sd\"><div class=\"extra-features\"> <div class=\"tlp-portfolio-sd\">Mise en sc\u00e8ne 2020<br>\r\nd'apr\u00e8s la nouvelle d'Edgar Allan Poe<br>\r\nCompagnie Babel, Toulouse<\/div> <\/div><\/div> <\/div> <\/div>\t<\/div>\r\n<\/div>\r\n<div class=\"tlp-col-md-12 tlp-col-sm-12 tlp-col-xs-12 tlp-single-item tlp-carousel-item tlp-equal-height\">\r\n\t<div class=\"tlp-portfolio-item\">\r\n\t\t\t\t<div class=\"tlp-portfolio-thum tlp-item\">\r\n\t\t\t<img loading=\"lazy\" decoding=\"async\" width=\"604\" height=\"604\" src=\"https:\/\/alexandrebernhardt.fr\/wp-content\/uploads\/2021\/08\/1square.png\" class=\"img-responsive\" alt=\"\" \/>\r\n\t\t\t<div class=\"tlp-overlay\">\r\n\t\t\t\t<p class=\"link-icon\">\r\n\t\t\t\t\t<a class=\"tlp-zoom\" href=\"https:\/\/alexandrebernhardt.fr\/wp-content\/uploads\/2021\/08\/1square.png\" aria-label=\"Frankenstein !\"><i class=\"demo-icon icon-zoom-in\"><\/i><\/a>\r\n\t\t\t\t\t<a href=\"https:\/\/alexandrebernhardt.fr\/index.php\/portfolio\/frankenstein\/\" aria-label=\"Frankenstein !\"><i class=\"demo-icon icon-link-ext\"><\/i><\/a>\r\n\t\t\t\t<\/p>\r\n\t\t\t<\/div>\r\n\t\t<\/div><div class=\"tlp-content\"> <div class=\"tlp-content-holder\"> <h3><a href=\"https:\/\/alexandrebernhardt.fr\/index.php\/portfolio\/frankenstein\/\" aria-label=\"Frankenstein !\">Frankenstein !<\/a><\/h3><div class=\"tlp-portfolio-sd\"><div class=\"extra-features\"> <div class=\"tlp-portfolio-sd\">Mise en sc\u00e8ne et voix 2018<br>\r\nd'apr\u00e8s le roman de Mary Shelley<br>\r\nProduction Bajo El Mar, Toulouse<\/div> <\/div><\/div> <\/div> <\/div>\t<\/div>\r\n<\/div>\r\n<div class=\"tlp-col-md-12 tlp-col-sm-12 tlp-col-xs-12 tlp-single-item tlp-carousel-item tlp-equal-height\">\r\n\t<div class=\"tlp-portfolio-item\">\r\n\t\t\t\t<div class=\"tlp-portfolio-thum tlp-item\">\r\n\t\t\t<img loading=\"lazy\" decoding=\"async\" width=\"1024\" height=\"1024\" src=\"https:\/\/alexandrebernhardt.fr\/wp-content\/uploads\/2021\/08\/2squareMDM-1024x1024.png\" class=\"img-responsive\" alt=\"\" \/>\r\n\t\t\t<div class=\"tlp-overlay\">\r\n\t\t\t\t<p class=\"link-icon\">\r\n\t\t\t\t\t<a class=\"tlp-zoom\" href=\"https:\/\/alexandrebernhardt.fr\/wp-content\/uploads\/2021\/08\/2squareMDM.png\" aria-label=\"Le Meilleur des Mondes\"><i class=\"demo-icon icon-zoom-in\"><\/i><\/a>\r\n\t\t\t\t\t<a href=\"https:\/\/alexandrebernhardt.fr\/index.php\/portfolio\/le-meilleur-des-mondes\/\" aria-label=\"Le Meilleur des Mondes\"><i class=\"demo-icon icon-link-ext\"><\/i><\/a>\r\n\t\t\t\t<\/p>\r\n\t\t\t<\/div>\r\n\t\t<\/div><div class=\"tlp-content\"> <div class=\"tlp-content-holder\"> <h3><a href=\"https:\/\/alexandrebernhardt.fr\/index.php\/portfolio\/le-meilleur-des-mondes\/\" aria-label=\"Le Meilleur des Mondes\">Le Meilleur des Mondes<\/a><\/h3><div class=\"tlp-portfolio-sd\"><div class=\"extra-features\"> <div class=\"tlp-portfolio-sd\">Dramaturgie et jeu 2016<br>\r\nd'apr\u00e8s le roman d'Aldous Huxley et avec O. Calcada<br>\r\nProduction IVT, Paris<\/div> <\/div><\/div> <\/div> <\/div>\t<\/div>\r\n<\/div>\r\n<div class=\"tlp-col-md-12 tlp-col-sm-12 tlp-col-xs-12 tlp-single-item tlp-carousel-item tlp-equal-height\">\r\n\t<div class=\"tlp-portfolio-item\">\r\n\t\t\t\t<div class=\"tlp-portfolio-thum tlp-item\">\r\n\t\t\t<img loading=\"lazy\" decoding=\"async\" width=\"1021\" height=\"1024\" src=\"https:\/\/alexandrebernhardt.fr\/wp-content\/uploads\/2021\/08\/JEsquare2-1021x1024.png\" class=\"img-responsive\" alt=\"\" \/>\r\n\t\t\t<div class=\"tlp-overlay\">\r\n\t\t\t\t<p class=\"link-icon\">\r\n\t\t\t\t\t<a class=\"tlp-zoom\" href=\"https:\/\/alexandrebernhardt.fr\/wp-content\/uploads\/2021\/08\/JEsquare2.png\" aria-label=\"Le Joueur d&#8217;\u00e9checs\"><i class=\"demo-icon icon-zoom-in\"><\/i><\/a>\r\n\t\t\t\t\t<a href=\"https:\/\/alexandrebernhardt.fr\/index.php\/portfolio\/le-joueur-dechecs\/\" aria-label=\"Le Joueur d&#8217;\u00e9checs\"><i class=\"demo-icon icon-link-ext\"><\/i><\/a>\r\n\t\t\t\t<\/p>\r\n\t\t\t<\/div>\r\n\t\t<\/div><div class=\"tlp-content\"> <div class=\"tlp-content-holder\"> <h3><a href=\"https:\/\/alexandrebernhardt.fr\/index.php\/portfolio\/le-joueur-dechecs\/\" aria-label=\"Le Joueur d&#8217;\u00e9checs\">Le Joueur d&#8217;\u00e9checs<\/a><\/h3><div class=\"tlp-portfolio-sd\"><div class=\"extra-features\"> <div class=\"tlp-portfolio-sd\">Mise en sc\u00e8ne collective et jeu 2017<br>\r\nd'apr\u00e8s la nouvelle de Stefan Zweig et avec M. Cros<br>\r\nProduction Act's, Toulouse<\/div> <\/div><\/div> <\/div> <\/div>\t<\/div>\r\n<\/div>\r\n<div class=\"tlp-col-md-12 tlp-col-sm-12 tlp-col-xs-12 tlp-single-item tlp-carousel-item tlp-equal-height\">\r\n\t<div class=\"tlp-portfolio-item\">\r\n\t\t\t\t<div class=\"tlp-portfolio-thum tlp-item\">\r\n\t\t\t<img loading=\"lazy\" decoding=\"async\" width=\"1024\" height=\"1024\" src=\"https:\/\/alexandrebernhardt.fr\/wp-content\/uploads\/2021\/08\/IMG_8460-scaled-e1757419739465-1024x1024.jpg\" class=\"img-responsive\" alt=\"\" \/>\r\n\t\t\t<div class=\"tlp-overlay\">\r\n\t\t\t\t<p class=\"link-icon\">\r\n\t\t\t\t\t<a class=\"tlp-zoom\" href=\"https:\/\/alexandrebernhardt.fr\/wp-content\/uploads\/2021\/08\/IMG_8460-scaled-e1757419739465.jpg\" aria-label=\"Siddhartha\"><i class=\"demo-icon icon-zoom-in\"><\/i><\/a>\r\n\t\t\t\t\t<a href=\"https:\/\/alexandrebernhardt.fr\/index.php\/portfolio\/siddhartha\/\" aria-label=\"Siddhartha\"><i class=\"demo-icon icon-link-ext\"><\/i><\/a>\r\n\t\t\t\t<\/p>\r\n\t\t\t<\/div>\r\n\t\t<\/div><div class=\"tlp-content\"> <div class=\"tlp-content-holder\"> <h3><a href=\"https:\/\/alexandrebernhardt.fr\/index.php\/portfolio\/siddhartha\/\" aria-label=\"Siddhartha\">Siddhartha<\/a><\/h3><div class=\"tlp-portfolio-sd\"><div class=\"extra-features\"> <div class=\"tlp-portfolio-sd\">Dramaturgie, mise en sc\u00e8ne et jeu 2011<\/br>\r\nd'apr\u00e8s le roman de Hermann Hesse<\/br>\r\nCompagnie DDS, Toulouse\r\n<\/div> <\/div><\/div> <\/div> <\/div>\t<\/div>\r\n<\/div>\r\n <\/div><\/div><\/div>\n\n\n\n<p><\/p>\n","protected":false},"excerpt":{"rendered":"","protected":false},"author":1,"featured_media":483,"parent":0,"menu_order":0,"comment_status":"closed","ping_status":"closed","template":"","meta":{"footnotes":""},"class_list":["post-2","page","type-page","status-publish","has-post-thumbnail","hentry"],"_links":{"self":[{"href":"https:\/\/alexandrebernhardt.fr\/index.php\/wp-json\/wp\/v2\/pages\/2","targetHints":{"allow":["GET"]}}],"collection":[{"href":"https:\/\/alexandrebernhardt.fr\/index.php\/wp-json\/wp\/v2\/pages"}],"about":[{"href":"https:\/\/alexandrebernhardt.fr\/index.php\/wp-json\/wp\/v2\/types\/page"}],"author":[{"embeddable":true,"href":"https:\/\/alexandrebernhardt.fr\/index.php\/wp-json\/wp\/v2\/users\/1"}],"replies":[{"embeddable":true,"href":"https:\/\/alexandrebernhardt.fr\/index.php\/wp-json\/wp\/v2\/comments?post=2"}],"version-history":[{"count":35,"href":"https:\/\/alexandrebernhardt.fr\/index.php\/wp-json\/wp\/v2\/pages\/2\/revisions"}],"predecessor-version":[{"id":559,"href":"https:\/\/alexandrebernhardt.fr\/index.php\/wp-json\/wp\/v2\/pages\/2\/revisions\/559"}],"wp:featuredmedia":[{"embeddable":true,"href":"https:\/\/alexandrebernhardt.fr\/index.php\/wp-json\/wp\/v2\/media\/483"}],"wp:attachment":[{"href":"https:\/\/alexandrebernhardt.fr\/index.php\/wp-json\/wp\/v2\/media?parent=2"}],"curies":[{"name":"wp","href":"https:\/\/api.w.org\/{rel}","templated":true}]}}